False
Is 1956208 a multiple of 778?
False
Does 77 divide 259424?
False
Is 25060 a multiple of 20?
True
Is 1462913 a multiple of 127?
True
Is 98242 a multiple of 195?
False
Is 5329170 a multiple of 99?
True
Does 278 divide 381694?
True
Does 116 divide 4263500?
False
Is 10 a factor of 387635?
False
Is 11 a factor of 12789441?
False
Does 176 divide 7100655?
False
Does 11 divide 25625?
False
Does 13 divide 912808?
True
Is 28 a factor of 86994?
False
Is 21 a factor of 111153?
True
Is 15900 a multiple of 75?
True
Does 11 divide 153755?
False
Does 107 divide 838238?
True
Does 16 divide 51216?
True
Is 1093522 a multiple of 1087?
True
Does 7 divide 157836?
True
Is 2473670 a multiple of 125?
False
Does 3 divide 34905?
True
Does 192 divide 166009?
False
Is 2 a factor of 613158?
True
Is 482368 a multiple of 14?
False
Is 2599 a multiple of 23?
True
Does 207 divide 193044?
False
Is 1456777 a multiple of 370?
False
Does 21 divide 532768?
False
Is 1837371 a multiple of 829?
False
Is 29 a factor of 177871?
False
Is 34590 a multiple of 5?
True
Is 650225 a multiple of 31?
True
Is 17215416 a multiple of 32?
False
Does 893 divide 7377966?
True
Is 10 a factor of 197980?
True
Is 129630 a multiple of 8?
False
Does 4 divide 1016984?
True
Does 1405 divide 3118584?
False
Does 83 divide 55444?
True
Does 25 divide 4422375?
True
Is 35336 a multiple of 28?
True
Is 64 a factor of 36963?
False
Is 16341952 a multiple of 334?
True
Is 161700 a multiple of 300?
True
Does 28 divide 97132?
True
Does 8 divide 164208?
True
Is 13 a factor of 74347?
True
Is 7 a factor of 232693?
False
Is 34823 a multiple of 6?
False
Is 2076555 a multiple of 299?
True
Is 2028774 a multiple of 11?
True
Is 82 a factor of 1196146?
False
Is 46 a factor of 426052?
True
Is 931839 a multiple of 383?
True
Does 763 divide 7142735?
False
Is 1672852 a multiple of 452?
True
Does 683 divide 5248172?
True
Is 5 a factor of 191150?
True
Is 9744 a multiple of 52?
False
Is 216720 a multiple of 420?
True
Is 444844 a multiple of 35?
False
Is 435 a factor of 1923135?
True
Does 122 divide 825086?
True
Is 11104704 a multiple of 64?
True
Is 188 a factor of 2526302?
False
Does 18 divide 12472461?
False
Is 198319 a multiple of 53?
False
Is 880634 a multiple of 10?
False
Is 3101 even?
False
Is 15 a factor of 508540?
False
Is 65434 a multiple of 2?
True
Is 48 a factor of 278496?
True
Is 9177 a multiple of 32?
False
Does 136 divide 8432?
True
Is 135369 a multiple of 13?
True
Does 41 divide 90756?
False
Is 2899968 a multiple of 118?
True
Does 187 divide 4149343?
True
Does 168 divide 39816?
True
Is 2327944 a multiple of 18?
False
Is 536648 a multiple of 28?
True
Is 13 a factor of 2184416?
True
Is 127062 a multiple of 6?
True
Is 72 a factor of 841032?
True
Is 8947843 a multiple of 434?
False
Does 651 divide 9224738?
False
Does 192 divide 884736?
True
Is 20 a factor of 18020?
True
Is 277916 a multiple of 61?
True
Is 702325 a multiple of 30?
False
Is 111589 a multiple of 34?
False
Is 74 a factor of 3726603?
False
Is 64188 a multiple of 12?
True
Is 184100 a multiple of 175?
True
Does 53 divide 303891?
False
Is 1320 a factor of 11597095?
False
Does 56 divide 19824?
True
Is 24842160 a multiple of 12?
True
Is 453960 a multiple of 234?
True
Is 43 a factor of 83367?
False
Is 79 a factor of 17301?
True
Is 120 a factor of 311760?
True
Does 38 divide 15427?
False
Is 14 a factor of 195398?
True
Does 20 divide 290857?
False
Is 151 a factor of 1533148?
False
Does 27 divide 229149?
True
Is 1994182 a multiple of 13?
False
Is 113812 a multiple of 2?
True
Does 106 divide 1115016?
False
Is 4 a factor of 251132?
True
Is 185 a factor of 4440?
True
Is 176 a factor of 16192?
True
Is 450080 a multiple of 20?
True
Is 16116992 a multiple of 64?
True
Is 3184733 a multiple of 162?
False
Is 21778424 a multiple of 23?
True
Does 117 divide 74942?
False
Is 619463 a multiple of 54?
False
Is 6 a factor of 481116?
True
Is 1151748 a multiple of 12?
True
Is 451374 a multiple of 231?
True
Is 4859280 a multiple of 272?
True
Does 30 divide 7569210?
True
Is 101 a factor of 17301110?
False
Does 40 divide 236306?
False
Is 197012 a multiple of 2?
True
Is 13 a factor of 1258790?
True
Is 213 a factor of 1685631?
False
Does 14 divide 4974774?
True
Does 33 divide 829950?
True
Does 260 divide 1188980?
True
Is 126609 a multiple of 8?
False
Is 9 a factor of 181872?
True
Is 42 a factor of 5967552?
False
Does 179 divide 24877?
False
Is 1391422 a multiple of 37?
True
Does 28 divide 23168?
False
Is 1204115 a multiple of 2?
False
Does 17 divide 1628243?
True
Does 264 divide 428736?
True
Is 345941 a multiple of 29?
True
Does 17 divide 1617941?
True
Is 303512 a multiple of 69?
False
Is 174 a factor of 2574387?
False
Is 86853 a multiple of 17?
True
Is 139 a factor of 1257391?
False
Is 6780 a multiple of 12?
True
Does 44 divide 12672?
True
Is 3380376 a multiple of 18?
False
Is 66 a factor of 484634?
False
Is 115038 a multiple of 6?
True
Is 12 a factor of 764340?
True
Is 390160 a multiple of 157?
False
Is 51810 a multiple of 110?
True
Is 62 a factor of 71302?
False
Is 24 a factor of 183848?
False
Does 259 divide 7047554?
False
Does 70 divide 434064?
False
Is 101 a factor of 374361?
False
Is 7372144 a multiple of 16?
True
Is 1064561 a multiple of 226?
False
Is 261230 a multiple of 12?
False
Is 21 a factor of 318318?
True
Is 66331 a multiple of 82?
False
Is 775 a factor of 848625?
True
Is 557820 a multiple of 15?
True
Is 3021636 a multiple of 150?
False
Is 2166674 a multiple of 73?
False
Is 402 a factor of 666214?
False
Is 6 a factor of 507994?
False
Is 123858 a multiple of 47?
False
Is 93 a factor of 5262319?
False
Does 10 divide 3019990?
True
Is 14 a factor of 387146?
False
Is 114 a factor of 300489?
False
Is 9 a factor of 9856602?
True
Is 230317 a multiple of 256?
False
Is 352000 a multiple of 64?
True
Does 293 divide 893116?
False
Is 183240 a multiple of 180?
True
Is 249 a factor of 1288286?
False
Is 296 a factor of 65935?
False
Is 1341 a factor of 5753834?
False
Is 2229858 a multiple of 73?
True
Is 192151 a multiple of 497?
False
Is 1329876 a multiple of 306?
True
Is 26 a factor of 309413?
False
Is 689698 a multiple of 16?
False
Does 54 divide 16902515?
False
Is 153126 a multiple of 18?
True
Is 79182 a multiple of 83?
True
Is 43590 a multiple of 3?
True
Is 581 a factor of 608840?
False
Is 398657 a multiple of 281?
False
Is 2 a factor of 4929?
False
Is 373 a factor of 721755?
True
Is 8 a factor of 220312?
True
Is 118 a factor of 81538?
True
Is 2968152 a multiple of 12?
True
Is 1005 a factor of 29652134?
False
Does 9 divide 15801566?
False
Is 73 a factor of 81030?
True
Is 81019 a multiple of 809?
False
Does 36 divide 339372?
True
Is 35 a factor of 30660?
True
Is 1174781 a multiple of 84?
False
Is 179055 a multiple of 69?
True
Is 214368 a multiple of 3?
True
Is 3792084 a multiple of 1625?
False
Is 13 a factor of 174005?
True
Does 12 divide 86323?
False
Does 40 divide 263880?
True
Is 9 a factor of 257391?
True
Is 330980 a multiple of 54?
False
Is 37402 a multiple of 105?
False
Is 885429 a multiple of 101?
False
Does 167 divide 25483365?
True
Does 49 divide 303407?
False
Is 310950 a multiple of 90?
True
Is 19 a factor of 12703?
False
Is 6 a factor of 23154?
True
Does 4 divide 55742?
False
Does 21 divide 83412?
True
Is 680 a factor of 2393419?
False
Does 736 divide 20370063?
False
Does 31 divide 3977573?
False
Is 2065 a factor of 7074690?
True
Is 31 a factor of 2765882?
True
Does 156 divide 279403?
False
Does 369 divide 204954?
False
Is 11 a factor of 14240699?
True
Does 16 divide 83816?
False
Does 37 divide 4307162?
False
Does 2 divide 160263?
False
Is 1116276 a multiple of 15?
False
Is 3363934 a multiple of 161?
True
Is 14 a factor of 1699726?
True
Does 3 divide 13183?
False
Does 327 divide 3892284?
False
Does 346 divide 199296?
True
Is 584296 a multiple of 43?
False
Is 7 a factor of 94464?
False
Is 9 a factor of 882099?
True
Is 44438 a multiple of 63?
False
Does 5 divide 10190?
True
Does 297 divide 1003094?
False
Is 33 a factor of 1678182?
True
Is 6226339 a multiple of 1585?
False
Is 40 a factor of 3337520?
True
Is 254040 a multiple of 438?
True
Does 205 divide 1888870?
True
Is 158 a factor of 97486?
True
Is 31 a factor of 1566797?
False
Is 60 a factor of 1704120?
True
Is 10 a factor of 83